{"id":472,"date":"2025-01-13T15:30:12","date_gmt":"2025-01-13T14:30:12","guid":{"rendered":"https:\/\/proaudio.altairaudio.com\/?page_id=472"},"modified":"2025-02-26T12:57:46","modified_gmt":"2025-02-26T11:57:46","slug":"monitor-industrial-ms-1","status":"publish","type":"page","link":"https:\/\/proaudio.altairaudio.com\/?page_id=472","title":{"rendered":"MONITOR INDUSTRIAL \u00abMS-1\u00bb"},"content":{"rendered":"<figure class=\"wp-block-image\"><img loading=\"lazy\" decoding=\"async\" class=\"size-full wp-image-313 aligncenter\" src=\"http:\/\/proaudio.altairaudio.com\/wp-content\/media\/2024\/11\/MS-1-OK-LUZ3.png\" alt=\"\" width=\"945\" height=\"673\" \/><\/figure>\r\n<!-- \/wp:image -->\r\n\r\n<!-- wp:paragraph -->\r\n<h2 class=\"wp-block-heading\">MONITOR INDUSTRIAL \u00abMS-1\u00bb<\/h2>\r\n<p><em>El <\/em><strong><em>MS-1<\/em><\/strong> es una monitor dise\u00f1ado para instalaci\u00f3n en pared o encastrado en una mesa o cualquier otra superficie.\u00a0<\/p>\r\n<p>Se trata de un dispositivo fabricado para durar d\u00e9cadas, un tama\u00f1o ultra-compacto y concebido para funcionar de manera ininterrumpida en salas de control e instalaciones industriales, donde la continuidad y la fiabilidad son cruciales.<\/p>\r\n<p>Su sencillez de instalaci\u00f3n y uso lo convierten en el candidato ideal para entornos dif\u00edciles y para ser manejado por cualquier persona con o sin \u00abformaci\u00f3n en audio\u00bb. La unidad admite se\u00f1ales de entrada de audio en formato est\u00e9reo (punta L \/ anillo R) o mono (punta L).<\/p>\r\n<p>Las se\u00f1ales en formato est\u00e9reo se convierten a mono mediante mezcla interna L + R. Adaptador de red IEC y cable de alimentaci\u00f3n incluidos Este peque\u00f1o monitor puede instalarse empotrado en una consola de pared o de sobremesa o utilizarse como una unidad de sobremesa normal. Incluye cuatro pies de goma adhesivos. \u00a0<\/p>\r\n<p>APLICACIONES:<\/p>\r\n<p>&#8211; Ingenier\u00eda teatral y esc\u00e9nica<\/p>\r\n<p>&#8211; Instalaciones broadcast<\/p>\r\n<p>&#8211; Salas de Control e Industria<\/p>\r\n<p>&#8211; Instalaciones policiales y militares<\/p>\r\n<p>&#8211; Parques de atracciones, hospitales y otras infraestructuras civiles<\/p>\r\n<p>&nbsp;<\/p>\r\n<p>Dimensiones del producto:<\/p>\r\n<p><img loading=\"lazy\" decoding=\"async\" class=\"alignnone  wp-image-308\" src=\"http:\/\/proaudio.altairaudio.com\/wp-content\/media\/2024\/11\/DIM-A.jpg\" alt=\"\" width=\"885\" height=\"442\" \/><\/p>\r\n<p><img loading=\"lazy\" decoding=\"async\" class=\"alignnone  wp-image-310\" src=\"http:\/\/proaudio.altairaudio.com\/wp-content\/media\/2024\/11\/DIM-B.jpg\" alt=\"\" width=\"670\" height=\"360\" \/><\/p>\r\n<p><em>Imagen abajo, ejemplo de aplicaci\u00f3n: el monitor MS-1 est\u00e1 actualmente instalado y funcionando en varias torres de control de aeropuertos civiles, siendo empleado como una fuente de audio ininterrumpido para sistemas inform\u00e1ticos cruciales para el control a\u00e9reo.<\/em><\/p>\r\n<p><img loading=\"lazy\" decoding=\"async\" class=\"alignnone size-full wp-image-618\" src=\"http:\/\/proaudio.altairaudio.com\/wp-content\/media\/2025\/02\/23456.jpg\" alt=\"\" width=\"580\" height=\"380\" \/><\/p>","protected":false},"excerpt":{"rendered":"<p>MONITOR INDUSTRIAL \u00abMS-1\u00bb El MS-1 es una monitor dise\u00f1ado para instalaci\u00f3n en pared o encastrado en una mesa o cualquier otra superficie.\u00a0 Se trata de un dispositivo fabricado para durar d\u00e9cadas, un tama\u00f1o ultra-compacto y concebido para funcionar de manera ininterrumpida en salas de control e instalaciones industriales, donde la continuidad y la fiabilidad son [&hellip;]<\/p>\n","protected":false},"author":1,"featured_media":0,"parent":438,"menu_order":0,"comment_status":"closed","ping_status":"closed","template":"","meta":{"footnotes":""},"class_list":["post-472","page","type-page","status-publish","hentry"],"_links":{"self":[{"href":"https:\/\/proaudio.altairaudio.com\/index.php?rest_route=\/wp\/v2\/pages\/472","targetHints":{"allow":["GET"]}}],"collection":[{"href":"https:\/\/proaudio.altairaudio.com\/index.php?rest_route=\/wp\/v2\/pages"}],"about":[{"href":"https:\/\/proaudio.altairaudio.com\/index.php?rest_route=\/wp\/v2\/types\/page"}],"author":[{"embeddable":true,"href":"https:\/\/proaudio.altairaudio.com\/index.php?rest_route=\/wp\/v2\/users\/1"}],"replies":[{"embeddable":true,"href":"https:\/\/proaudio.altairaudio.com\/index.php?rest_route=%2Fwp%2Fv2%2Fcomments&post=472"}],"version-history":[{"count":11,"href":"https:\/\/proaudio.altairaudio.com\/index.php?rest_route=\/wp\/v2\/pages\/472\/revisions"}],"predecessor-version":[{"id":623,"href":"https:\/\/proaudio.altairaudio.com\/index.php?rest_route=\/wp\/v2\/pages\/472\/revisions\/623"}],"up":[{"embeddable":true,"href":"https:\/\/proaudio.altairaudio.com\/index.php?rest_route=\/wp\/v2\/pages\/438"}],"wp:attachment":[{"href":"https:\/\/proaudio.altairaudio.com\/index.php?rest_route=%2Fwp%2Fv2%2Fmedia&parent=472"}],"curies":[{"name":"wp","href":"https:\/\/api.w.org\/{rel}","templated":true}]}}